{"version":"1.0","provider_name":"APT Rovereto e Vallagarina","provider_url":"https:\/\/www.visitrovereto.it\/de\/","author_name":"Silvia Marocchi","author_url":"https:\/\/www.visitrovereto.it\/de\/author\/silvia-marocchi\/","title":"Die Bl\u00fcten des Monte Baldo | APT Rovereto e Vallagarina","type":"rich","width":600,"height":338,"html":"<blockquote class=\"wp-embedded-content\" data-secret=\"84Rikpm5sA\"><a href=\"https:\/\/www.visitrovereto.it\/de\/buchen\/angebote\/die-blueten-des-monte-baldo\/\">Die Bl\u00fcten des Monte Baldo<\/a><\/blockquote><iframe sandbox=\"allow-scripts\" security=\"restricted\" src=\"https:\/\/www.visitrovereto.it\/de\/buchen\/angebote\/die-blueten-des-monte-baldo\/embed\/#?secret=84Rikpm5sA\" width=\"600\" height=\"338\" title=\"&#8222;Die Bl\u00fcten des Monte Baldo&#8220; &#8211; APT Rovereto e Vallagarina\" data-secret=\"84Rikpm5sA\" frameborder=\"0\" marginwidth=\"0\" marginheight=\"0\" scrolling=\"no\" class=\"wp-embedded-content\"><\/iframe><script>\n\/*! This file is auto-generated *\/\n!function(d,l){\"use strict\";l.querySelector&&d.addEventListener&&\"undefined\"!=typeof URL&&(d.wp=d.wp||{},d.wp.receiveEmbedMessage||(d.wp.receiveEmbedMessage=function(e){var t=e.data;if((t||t.secret||t.message||t.value)&&!\/[^a-zA-Z0-9]\/.test(t.secret)){for(var s,r,n,a=l.querySelectorAll('iframe[data-secret=\"'+t.secret+'\"]'),o=l.querySelectorAll('blockquote[data-secret=\"'+t.secret+'\"]'),c=new RegExp(\"^https?:$\",\"i\"),i=0;i<o.length;i++)o[i].style.display=\"none\";for(i=0;i<a.length;i++)s=a[i],e.source===s.contentWindow&&(s.removeAttribute(\"style\"),\"height\"===t.message?(1e3<(r=parseInt(t.value,10))?r=1e3:~~r<200&&(r=200),s.height=r):\"link\"===t.message&&(r=new URL(s.getAttribute(\"src\")),n=new URL(t.value),c.test(n.protocol))&&n.host===r.host&&l.activeElement===s&&(d.top.location.href=t.value))}},d.addEventListener(\"message\",d.wp.receiveEmbedMessage,!1),l.addEventListener(\"DOMContentLoaded\",function(){for(var e,t,s=l.querySelectorAll(\"iframe.wp-embedded-content\"),r=0;r<s.length;r++)(t=(e=s[r]).getAttribute(\"data-secret\"))||(t=Math.random().toString(36).substring(2,12),e.src+=\"#?secret=\"+t,e.setAttribute(\"data-secret\",t)),e.contentWindow.postMessage({message:\"ready\",secret:t},\"*\")},!1)))}(window,document);\n\/\/# sourceURL=https:\/\/www.visitrovereto.it\/wp-includes\/js\/wp-embed.min.js\n<\/script>\n","description":"Entdecken Sie den Garten Italiens (\u201cGiardino d\u2019Italia\u201d) Lassen Sie sich von der spektakul\u00e4ren Bl\u00fctenpracht des Monte Baldo im Fr\u00fchling \u00fcberraschen! Wir Entdecken Sie den Garten Italiens (\u201cGiardino d\u2019Italia\u201d) zwischen Exkursionen und Laboratorien f\u00fcr Naturkosmetik."}

Die Blüten des Monte Baldo | APT Rovereto e Vallagarina

<blockquote class="wp-embedded-content" data-secret="84Rikpm5sA"><a href="https://www.visitrovereto.it/de/buchen/angebote/die-blueten-des-monte-baldo/">Die Blüten des Monte Baldo</a></blockquote><iframe sandbox="allow-scripts" security="restricted" src="https://www.visitrovereto.it/de/buchen/angebote/die-blueten-des-monte-baldo/embed/#?secret=84Rikpm5sA" width="600" height="338" title="&#8222;Die Blüten des Monte Baldo&#8220; &#8211; APT Rovereto e Vallagarina" data-secret="84Rikpm5sA" frameborder="0" marginwidth="0" marginheight="0" scrolling="no" class="wp-embedded-content"></iframe><script>
/*! This file is auto-generated */
!function(d,l){"use strict";l.querySelector&&d.addEventListener&&"undefined"!=typeof URL&&(d.wp=d.wp||{},d.wp.receiveEmbedMessage||(d.wp.receiveEmbedMessage=function(e){var t=e.data;if((t||t.secret||t.message||t.value)&&!/[^a-zA-Z0-9]/.test(t.secret)){for(var s,r,n,a=l.querySelectorAll('iframe[data-secret="'+t.secret+'"]'),o=l.querySelectorAll('blockquote[data-secret="'+t.secret+'"]'),c=new RegExp("^https?:$","i"),i=0;i<o.length;i++)o[i].style.display="none";for(i=0;i<a.length;i++)s=a[i],e.source===s.contentWindow&&(s.removeAttribute("style"),"height"===t.message?(1e3<(r=parseInt(t.value,10))?r=1e3:~~r<200&&(r=200),s.height=r):"link"===t.message&&(r=new URL(s.getAttribute("src")),n=new URL(t.value),c.test(n.protocol))&&n.host===r.host&&l.activeElement===s&&(d.top.location.href=t.value))}},d.addEventListener("message",d.wp.receiveEmbedMessage,!1),l.addEventListener("DOMContentLoaded",function(){for(var e,t,s=l.querySelectorAll("iframe.wp-embedded-content"),r=0;r<s.length;r++)(t=(e=s[r]).getAttribute("data-secret"))||(t=Math.random().toString(36).substring(2,12),e.src+="#?secret="+t,e.setAttribute("data-secret",t)),e.contentWindow.postMessage({message:"ready",secret:t},"*")},!1)))}(window,document);
//# sourceURL=https://www.visitrovereto.it/wp-includes/js/wp-embed.min.js
</script>

Entdecken Sie den Garten Italiens (“Giardino d’Italia”) Lassen Sie sich von der spektakulären Blütenpracht des Monte Baldo im Frühling überraschen! Wir Entdecken Sie den Garten Italiens (“Giardino d’Italia”) zwischen Exkursionen und Laboratorien für Naturkosmetik.
