{"version":"1.0","provider_name":"APT Rovereto e Vallagarina","provider_url":"https:\/\/www.visitrovereto.it\/de\/","author_name":"Silvia Marocchi","author_url":"https:\/\/www.visitrovereto.it\/de\/author\/silvia-marocchi\/","title":"Auf den Spuren der Geschichte | APT Rovereto e Vallagarina","type":"rich","width":600,"height":338,"html":"<blockquote class=\"wp-embedded-content\" data-secret=\"jaaaTujkC8\"><a href=\"https:\/\/www.visitrovereto.it\/de\/erleben\/veranstaltungen\/auf-den-spuren-der-geschichte\/\">Auf den Spuren der Geschichte<\/a><\/blockquote><iframe sandbox=\"allow-scripts\" security=\"restricted\" src=\"https:\/\/www.visitrovereto.it\/de\/erleben\/veranstaltungen\/auf-den-spuren-der-geschichte\/embed\/#?secret=jaaaTujkC8\" width=\"600\" height=\"338\" title=\"&#8222;Auf den Spuren der Geschichte&#8220; &#8211; APT Rovereto e Vallagarina\" data-secret=\"jaaaTujkC8\" frameborder=\"0\" marginwidth=\"0\" marginheight=\"0\" scrolling=\"no\" class=\"wp-embedded-content\"><\/iframe><script>\n\/*! This file is auto-generated *\/\n!function(d,l){\"use strict\";l.querySelector&&d.addEventListener&&\"undefined\"!=typeof URL&&(d.wp=d.wp||{},d.wp.receiveEmbedMessage||(d.wp.receiveEmbedMessage=function(e){var t=e.data;if((t||t.secret||t.message||t.value)&&!\/[^a-zA-Z0-9]\/.test(t.secret)){for(var s,r,n,a=l.querySelectorAll('iframe[data-secret=\"'+t.secret+'\"]'),o=l.querySelectorAll('blockquote[data-secret=\"'+t.secret+'\"]'),c=new RegExp(\"^https?:$\",\"i\"),i=0;i<o.length;i++)o[i].style.display=\"none\";for(i=0;i<a.length;i++)s=a[i],e.source===s.contentWindow&&(s.removeAttribute(\"style\"),\"height\"===t.message?(1e3<(r=parseInt(t.value,10))?r=1e3:~~r<200&&(r=200),s.height=r):\"link\"===t.message&&(r=new URL(s.getAttribute(\"src\")),n=new URL(t.value),c.test(n.protocol))&&n.host===r.host&&l.activeElement===s&&(d.top.location.href=t.value))}},d.addEventListener(\"message\",d.wp.receiveEmbedMessage,!1),l.addEventListener(\"DOMContentLoaded\",function(){for(var e,t,s=l.querySelectorAll(\"iframe.wp-embedded-content\"),r=0;r<s.length;r++)(t=(e=s[r]).getAttribute(\"data-secret\"))||(t=Math.random().toString(36).substring(2,12),e.src+=\"#?secret=\"+t,e.setAttribute(\"data-secret\",t)),e.contentWindow.postMessage({message:\"ready\",secret:t},\"*\")},!1)))}(window,document);\n\/\/# sourceURL=https:\/\/www.visitrovereto.it\/wp-includes\/js\/wp-embed.min.js\n<\/script>\n","thumbnail_url":"https:\/\/www.visitrovereto.it\/wp-content\/uploads\/2019\/03\/Campana-dei-Caduti-Foto-Tommaso-Prugnola-650x433.jpg","thumbnail_width":600,"thumbnail_height":400,"description":"Eine lange Fahrt f\u00fcr eine lange Geschichte Eine Radveranstaltung in Erinnerung an Vergessene des Gro\u00dfen Krieges und an humanit\u00e4rer Handlung von der Eine Radveranstaltung in Erinnerung an Vergessene des Gro\u00dfen Krieges und an humanit\u00e4rer Handlung von der Marchesa Gemma Guerrieri Gonzaga"}

Eine lange Fahrt für eine lange Geschichte Eine Radveranstaltung in Erinnerung an Vergessene des Großen Krieges und an humanitärer Handlung von der Eine Radveranstaltung in Erinnerung an Vergessene des Großen Krieges und an humanitärer Handlung von der Marchesa Gemma Guerrieri Gonzaga
