{"id":2245039,"date":"2022-09-19T16:41:34","date_gmt":"2022-09-19T14:41:34","guid":{"rendered":"https:\/\/www.visitrovereto.it\/?page_id=2245039"},"modified":"2022-11-14T16:51:00","modified_gmt":"2022-11-14T15:51:00","slug":"herbstwanderungen","status":"publish","type":"page","link":"https:\/\/www.visitrovereto.it\/de\/herbstwanderungen\/","title":{"rendered":"Herbstwanderungen"},"content":{"rendered":"<h2> Die charakteristischsten Routen und Orte f\u00fcr einen Besuch im Herbst<\/h2>\n<div class=\"desc\">\n<p class=\"intro\">Das Vallagarina im Herbst kann man mit dem Gaumen und den Augen genie\u00dfen: Kombinieren Sie gute saisonale Gerichte mit den Farben der Natur und genie\u00dfen Sie die f\u00fcr Sie ausgew\u00e4hlten Ausfl\u00fcge.<\/p>\n<p>Wenn sich die W\u00e4lder gelb, rot und orange f\u00e4rben, wenn die Luft knackiger und das Blau des Himmels intensiver wird, ist es Zeit, hinauszugehen und das herbstliche Naturschauspiel zu genie\u00dfen.<\/p>\n<p>Im Folgenden finden Sie eine Reihe von Vorschl\u00e4gen f\u00fcr Ausfl\u00fcge, die f\u00fcr jedermann erreichbar sind und bei denen sich farbenpr\u00e4chtige Landschaften mit M\u00f6glichkeiten zur Verkostung verbinden, und zwar auf nicht allzu anspruchsvollen Routen, die Ihnen Zeit und Energie lassen, den Herbst im Vallagarina zu genie\u00dfen.<\/p>\n<\/div>\n","protected":false},"excerpt":{"rendered":"<p>Die charakteristischsten Routen und Orte f\u00fcr einen Besuch im Herbst Das Vallagarina im Herbst kann man mit dem Gaumen und den Augen genie\u00dfen: Kombinieren Sie gute saisonale Gerichte mit den Farben der Natur und genie\u00dfen Sie die f\u00fcr Sie ausgew\u00e4hlten Ausfl\u00fcge. Wenn sich die W\u00e4lder gelb, rot und orange f\u00e4rben, wenn die Luft knackiger und [&hellip;]<\/p>\n","protected":false},"author":10,"featured_media":2238729,"parent":0,"menu_order":0,"comment_status":"closed","ping_status":"closed","template":"","meta":{"_acf_changed":false,"footnotes":""},"class_list":["post-2245039","page","type-page","status-publish","has-post-thumbnail","hentry"],"acf":[],"yoast_head":"<!-- This site is optimized with the Yoast SEO plugin v28.4 - https:\/\/yoast.com\/product\/yoast-seo-wordpress\/ -->\n<title>Herbstwanderungen | APT Rovereto e Vallagarina<\/title>\n<meta name=\"description\" content=\"Ausfl\u00fcge f\u00fcr jedermann inmitten der herbstlichen Farben, auf nicht zu anspruchsvollen Routen, die Ihnen den Geschmack des Vallagarina vermitteln werden.\" \/>\n<meta name=\"robots\" content=\"index, follow, max-snippet:-1, max-image-preview:large, max-video-preview:-1\" \/>\n<meta property=\"og:locale\" content=\"de_DE\" \/>\n<meta property=\"og:type\" content=\"article\" \/>\n<meta property=\"og:title\" content=\"Herbstwanderungen | APT Rovereto e Vallagarina\" \/>\n<meta property=\"og:description\" content=\"Ausfl\u00fcge f\u00fcr jedermann inmitten der herbstlichen Farben, auf nicht zu anspruchsvollen Routen, die Ihnen den Geschmack des Vallagarina vermitteln werden.\" \/>\n<meta property=\"og:url\" content=\"https:\/\/www.visitrovereto.it\/de\/herbstwanderungen\/\" \/>\n<meta property=\"og:site_name\" content=\"APT Rovereto e Vallagarina\" \/>\n<meta property=\"article:publisher\" content=\"https:\/\/www.facebook.com\/visitrovereto\" \/>\n<meta property=\"article:modified_time\" content=\"2022-11-14T15:51:00+00:00\" \/>\n<meta property=\"og:image\" content=\"https:\/\/www.visitrovereto.it\/wp-content\/uploads\/2020\/09\/Altopiano-di-Brentonico-Monte-Baldo-autunno-Graziano-Galvagni-2020-FB-32-Faggeta-Terre-Verdi.png\" \/>\n\t<meta property=\"og:image:width\" content=\"990\" \/>\n\t<meta property=\"og:image:height\" content=\"545\" \/>\n\t<meta property=\"og:image:type\" content=\"image\/png\" \/>\n<meta name=\"twitter:label1\" content=\"Gesch\u00e4tzte Lesezeit\" \/>\n\t<meta name=\"twitter:data1\" content=\"1\u00a0Minute\" \/>\n<script type=\"application\/ld+json\" class=\"yoast-schema-graph\">{\"@context\":\"https:\\\/\\\/schema.org\",\"@graph\":[{\"@type\":\"WebPage\",\"@id\":\"https:\\\/\\\/www.visitrovereto.it\\\/de\\\/herbstwanderungen\\\/\",\"url\":\"https:\\\/\\\/www.visitrovereto.it\\\/de\\\/herbstwanderungen\\\/\",\"name\":\"Herbstwanderungen | APT Rovereto e Vallagarina\",\"isPartOf\":{\"@id\":\"https:\\\/\\\/www.visitrovereto.it\\\/#website\"},\"primaryImageOfPage\":{\"@id\":\"https:\\\/\\\/www.visitrovereto.it\\\/de\\\/herbstwanderungen\\\/#primaryimage\"},\"image\":{\"@id\":\"https:\\\/\\\/www.visitrovereto.it\\\/de\\\/herbstwanderungen\\\/#primaryimage\"},\"thumbnailUrl\":\"https:\\\/\\\/www.visitrovereto.it\\\/wp-content\\\/uploads\\\/2020\\\/09\\\/Altopiano-di-Brentonico-Monte-Baldo-autunno-Graziano-Galvagni-2020-FB-24-San-Valentino-Pianaz.png\",\"datePublished\":\"2022-09-19T14:41:34+00:00\",\"dateModified\":\"2022-11-14T15:51:00+00:00\",\"description\":\"Ausfl\u00fcge f\u00fcr jedermann inmitten der herbstlichen Farben, auf nicht zu anspruchsvollen Routen, die Ihnen den Geschmack des Vallagarina vermitteln werden.\",\"breadcrumb\":{\"@id\":\"https:\\\/\\\/www.visitrovereto.it\\\/de\\\/herbstwanderungen\\\/#breadcrumb\"},\"inLanguage\":\"de\",\"potentialAction\":[{\"@type\":\"ReadAction\",\"target\":[\"https:\\\/\\\/www.visitrovereto.it\\\/de\\\/herbstwanderungen\\\/\"]}]},{\"@type\":\"ImageObject\",\"inLanguage\":\"de\",\"@id\":\"https:\\\/\\\/www.visitrovereto.it\\\/de\\\/herbstwanderungen\\\/#primaryimage\",\"url\":\"https:\\\/\\\/www.visitrovereto.it\\\/wp-content\\\/uploads\\\/2020\\\/09\\\/Altopiano-di-Brentonico-Monte-Baldo-autunno-Graziano-Galvagni-2020-FB-24-San-Valentino-Pianaz.png\",\"contentUrl\":\"https:\\\/\\\/www.visitrovereto.it\\\/wp-content\\\/uploads\\\/2020\\\/09\\\/Altopiano-di-Brentonico-Monte-Baldo-autunno-Graziano-Galvagni-2020-FB-24-San-Valentino-Pianaz.png\",\"width\":990,\"height\":545},{\"@type\":\"BreadcrumbList\",\"@id\":\"https:\\\/\\\/www.visitrovereto.it\\\/de\\\/herbstwanderungen\\\/#breadcrumb\",\"itemListElement\":[{\"@type\":\"ListItem\",\"position\":1,\"name\":\"Home\",\"item\":\"https:\\\/\\\/www.visitrovereto.it\\\/\"},{\"@type\":\"ListItem\",\"position\":2,\"name\":\"Herbstwanderungen\"}]},{\"@type\":\"WebSite\",\"@id\":\"https:\\\/\\\/www.visitrovereto.it\\\/#website\",\"url\":\"https:\\\/\\\/www.visitrovereto.it\\\/\",\"name\":\"APT Rovereto e Vallagarina\",\"description\":\"\",\"potentialAction\":[{\"@type\":\"SearchAction\",\"target\":{\"@type\":\"EntryPoint\",\"urlTemplate\":\"https:\\\/\\\/www.visitrovereto.it\\\/?s={search_term_string}\"},\"query-input\":{\"@type\":\"PropertyValueSpecification\",\"valueRequired\":true,\"valueName\":\"search_term_string\"}}],\"inLanguage\":\"de\"}]}<\/script>\n<!-- \/ Yoast SEO plugin. -->","yoast_head_json":{"title":"Herbstwanderungen | APT Rovereto e Vallagarina","description":"Ausfl\u00fcge f\u00fcr jedermann inmitten der herbstlichen Farben, auf nicht zu anspruchsvollen Routen, die Ihnen den Geschmack des Vallagarina vermitteln werden.","robots":{"index":"index","follow":"follow","max-snippet":"max-snippet:-1","max-image-preview":"max-image-preview:large","max-video-preview":"max-video-preview:-1"},"og_locale":"de_DE","og_type":"article","og_title":"Herbstwanderungen | APT Rovereto e Vallagarina","og_description":"Ausfl\u00fcge f\u00fcr jedermann inmitten der herbstlichen Farben, auf nicht zu anspruchsvollen Routen, die Ihnen den Geschmack des Vallagarina vermitteln werden.","og_url":"https:\/\/www.visitrovereto.it\/de\/herbstwanderungen\/","og_site_name":"APT Rovereto e Vallagarina","article_publisher":"https:\/\/www.facebook.com\/visitrovereto","article_modified_time":"2022-11-14T15:51:00+00:00","og_image":[{"width":990,"height":545,"url":"https:\/\/www.visitrovereto.it\/wp-content\/uploads\/2020\/09\/Altopiano-di-Brentonico-Monte-Baldo-autunno-Graziano-Galvagni-2020-FB-32-Faggeta-Terre-Verdi.png","type":"image\/png"}],"twitter_misc":{"Gesch\u00e4tzte Lesezeit":"1\u00a0Minute"},"schema":{"@context":"https:\/\/schema.org","@graph":[{"@type":"WebPage","@id":"https:\/\/www.visitrovereto.it\/de\/herbstwanderungen\/","url":"https:\/\/www.visitrovereto.it\/de\/herbstwanderungen\/","name":"Herbstwanderungen | APT Rovereto e Vallagarina","isPartOf":{"@id":"https:\/\/www.visitrovereto.it\/#website"},"primaryImageOfPage":{"@id":"https:\/\/www.visitrovereto.it\/de\/herbstwanderungen\/#primaryimage"},"image":{"@id":"https:\/\/www.visitrovereto.it\/de\/herbstwanderungen\/#primaryimage"},"thumbnailUrl":"https:\/\/www.visitrovereto.it\/wp-content\/uploads\/2020\/09\/Altopiano-di-Brentonico-Monte-Baldo-autunno-Graziano-Galvagni-2020-FB-24-San-Valentino-Pianaz.png","datePublished":"2022-09-19T14:41:34+00:00","dateModified":"2022-11-14T15:51:00+00:00","description":"Ausfl\u00fcge f\u00fcr jedermann inmitten der herbstlichen Farben, auf nicht zu anspruchsvollen Routen, die Ihnen den Geschmack des Vallagarina vermitteln werden.","breadcrumb":{"@id":"https:\/\/www.visitrovereto.it\/de\/herbstwanderungen\/#breadcrumb"},"inLanguage":"de","potentialAction":[{"@type":"ReadAction","target":["https:\/\/www.visitrovereto.it\/de\/herbstwanderungen\/"]}]},{"@type":"ImageObject","inLanguage":"de","@id":"https:\/\/www.visitrovereto.it\/de\/herbstwanderungen\/#primaryimage","url":"https:\/\/www.visitrovereto.it\/wp-content\/uploads\/2020\/09\/Altopiano-di-Brentonico-Monte-Baldo-autunno-Graziano-Galvagni-2020-FB-24-San-Valentino-Pianaz.png","contentUrl":"https:\/\/www.visitrovereto.it\/wp-content\/uploads\/2020\/09\/Altopiano-di-Brentonico-Monte-Baldo-autunno-Graziano-Galvagni-2020-FB-24-San-Valentino-Pianaz.png","width":990,"height":545},{"@type":"BreadcrumbList","@id":"https:\/\/www.visitrovereto.it\/de\/herbstwanderungen\/#breadcrumb","itemListElement":[{"@type":"ListItem","position":1,"name":"Home","item":"https:\/\/www.visitrovereto.it\/"},{"@type":"ListItem","position":2,"name":"Herbstwanderungen"}]},{"@type":"WebSite","@id":"https:\/\/www.visitrovereto.it\/#website","url":"https:\/\/www.visitrovereto.it\/","name":"APT Rovereto e Vallagarina","description":"","potentialAction":[{"@type":"SearchAction","target":{"@type":"EntryPoint","urlTemplate":"https:\/\/www.visitrovereto.it\/?s={search_term_string}"},"query-input":{"@type":"PropertyValueSpecification","valueRequired":true,"valueName":"search_term_string"}}],"inLanguage":"de"}]}},"_links":{"self":[{"href":"https:\/\/www.visitrovereto.it\/de\/wp-json\/wp\/v2\/pages\/2245039","targetHints":{"allow":["GET"]}}],"collection":[{"href":"https:\/\/www.visitrovereto.it\/de\/wp-json\/wp\/v2\/pages"}],"about":[{"href":"https:\/\/www.visitrovereto.it\/de\/wp-json\/wp\/v2\/types\/page"}],"author":[{"embeddable":true,"href":"https:\/\/www.visitrovereto.it\/de\/wp-json\/wp\/v2\/users\/10"}],"replies":[{"embeddable":true,"href":"https:\/\/www.visitrovereto.it\/de\/wp-json\/wp\/v2\/comments?post=2245039"}],"version-history":[{"count":0,"href":"https:\/\/www.visitrovereto.it\/de\/wp-json\/wp\/v2\/pages\/2245039\/revisions"}],"wp:featuredmedia":[{"embeddable":true,"href":"https:\/\/www.visitrovereto.it\/de\/wp-json\/wp\/v2\/media\/2238729"}],"wp:attachment":[{"href":"https:\/\/www.visitrovereto.it\/de\/wp-json\/wp\/v2\/media?parent=2245039"}],"curies":[{"name":"wp","href":"https:\/\/api.w.org\/{rel}","templated":true}]}}

<h2> Die charakteristischsten Routen und Orte für einen Besuch im Herbst</h2>
<div class="desc">
<p class="intro">Das Vallagarina im Herbst kann man mit dem Gaumen und den Augen genießen: Kombinieren Sie gute saisonale Gerichte mit den Farben der Natur und genießen Sie die für Sie ausgewählten Ausflüge.</p>
<p>Wenn sich die Wälder gelb, rot und orange färben, wenn die Luft knackiger und das Blau des Himmels intensiver wird, ist es Zeit, hinauszugehen und das herbstliche Naturschauspiel zu genießen.</p>
<p>Im Folgenden finden Sie eine Reihe von Vorschlägen für Ausflüge, die für jedermann erreichbar sind und bei denen sich farbenprächtige Landschaften mit Möglichkeiten zur Verkostung verbinden, und zwar auf nicht allzu anspruchsvollen Routen, die Ihnen Zeit und Energie lassen, den Herbst im Vallagarina zu genießen.</p>
</div>

<p>Die charakteristischsten Routen und Orte für einen Besuch im Herbst Das Vallagarina im Herbst kann man mit dem Gaumen und den Augen genießen: Kombinieren Sie gute saisonale Gerichte mit den Farben der Natur und genießen Sie die für Sie ausgewählten Ausflüge. Wenn sich die Wälder gelb, rot und orange färben, wenn die Luft knackiger und [&hellip;]</p>

<!-- This site is optimized with the Yoast SEO plugin v28.4 - https://yoast.com/product/yoast-seo-wordpress/ -->
<title>Herbstwanderungen | APT Rovereto e Vallagarina</title>
<meta name="description" content="Ausflüge für jedermann inmitten der herbstlichen Farben, auf nicht zu anspruchsvollen Routen, die Ihnen den Geschmack des Vallagarina vermitteln werden." />
<meta name="robots" content="index, follow, max-snippet:-1, max-image-preview:large, max-video-preview:-1" />
<meta property="og:locale" content="de_DE" />
<meta property="og:type" content="article" />
<meta property="og:title" content="Herbstwanderungen | APT Rovereto e Vallagarina" />
<meta property="og:description" content="Ausflüge für jedermann inmitten der herbstlichen Farben, auf nicht zu anspruchsvollen Routen, die Ihnen den Geschmack des Vallagarina vermitteln werden." />
<meta property="og:url" content="https://www.visitrovereto.it/de/herbstwanderungen/" />
<meta property="og:site_name" content="APT Rovereto e Vallagarina" />
<meta property="article:publisher" content="https://www.facebook.com/visitrovereto" />
<meta property="article:modified_time" content="2022-11-14T15:51:00+00:00" />
<meta property="og:image" content="https://www.visitrovereto.it/wp-content/uploads/2020/09/Altopiano-di-Brentonico-Monte-Baldo-autunno-Graziano-Galvagni-2020-FB-32-Faggeta-Terre-Verdi.png" />
	<meta property="og:image:width" content="990" />
	<meta property="og:image:height" content="545" />
	<meta property="og:image:type" content="image/png" />
<meta name="twitter:label1" content="Geschätzte Lesezeit" />
	<meta name="twitter:data1" content="1 Minute" />
<script type="application/ld+json" class="yoast-schema-graph">{"@context":"https:\/\/schema.org","@graph":[{"@type":"WebPage","@id":"https:\/\/www.visitrovereto.it\/de\/herbstwanderungen\/","url":"https:\/\/www.visitrovereto.it\/de\/herbstwanderungen\/","name":"Herbstwanderungen | APT Rovereto e Vallagarina","isPartOf":{"@id":"https:\/\/www.visitrovereto.it\/#website"},"primaryImageOfPage":{"@id":"https:\/\/www.visitrovereto.it\/de\/herbstwanderungen\/#primaryimage"},"image":{"@id":"https:\/\/www.visitrovereto.it\/de\/herbstwanderungen\/#primaryimage"},"thumbnailUrl":"https:\/\/www.visitrovereto.it\/wp-content\/uploads\/2020\/09\/Altopiano-di-Brentonico-Monte-Baldo-autunno-Graziano-Galvagni-2020-FB-24-San-Valentino-Pianaz.png","datePublished":"2022-09-19T14:41:34+00:00","dateModified":"2022-11-14T15:51:00+00:00","description":"Ausflüge für jedermann inmitten der herbstlichen Farben, auf nicht zu anspruchsvollen Routen, die Ihnen den Geschmack des Vallagarina vermitteln werden.","breadcrumb":{"@id":"https:\/\/www.visitrovereto.it\/de\/herbstwanderungen\/#breadcrumb"},"inLanguage":"de","potentialAction":[{"@type":"ReadAction","target":["https:\/\/www.visitrovereto.it\/de\/herbstwanderungen\/"]}]},{"@type":"ImageObject","inLanguage":"de","@id":"https:\/\/www.visitrovereto.it\/de\/herbstwanderungen\/#primaryimage","url":"https:\/\/www.visitrovereto.it\/wp-content\/uploads\/2020\/09\/Altopiano-di-Brentonico-Monte-Baldo-autunno-Graziano-Galvagni-2020-FB-24-San-Valentino-Pianaz.png","contentUrl":"https:\/\/www.visitrovereto.it\/wp-content\/uploads\/2020\/09\/Altopiano-di-Brentonico-Monte-Baldo-autunno-Graziano-Galvagni-2020-FB-24-San-Valentino-Pianaz.png","width":990,"height":545},{"@type":"BreadcrumbList","@id":"https:\/\/www.visitrovereto.it\/de\/herbstwanderungen\/#breadcrumb","itemListElement":[{"@type":"ListItem","position":1,"name":"Home","item":"https:\/\/www.visitrovereto.it\/"},{"@type":"ListItem","position":2,"name":"Herbstwanderungen"}]},{"@type":"WebSite","@id":"https:\/\/www.visitrovereto.it\/#website","url":"https:\/\/www.visitrovereto.it\/","name":"APT Rovereto e Vallagarina","description":"","potentialAction":[{"@type":"SearchAction","target":{"@type":"EntryPoint","urlTemplate":"https:\/\/www.visitrovereto.it\/?s={search_term_string}"},"query-input":{"@type":"PropertyValueSpecification","valueRequired":true,"valueName":"search_term_string"}}],"inLanguage":"de"}]}</script>
<!-- / Yoast SEO plugin. -->

Ausflüge für jedermann inmitten der herbstlichen Farben, auf nicht zu anspruchsvollen Routen, die Ihnen den Geschmack des Vallagarina vermitteln werden.
