{"id":3555677,"date":"2022-09-21T18:14:31","date_gmt":"2022-09-21T16:14:31","guid":{"rendered":"https:\/\/www.visitrovereto.it\/fondazione-museo-civico-rovereto\/garden-botanic\/"},"modified":"2025-01-07T17:39:04","modified_gmt":"2025-01-07T16:39:04","slug":"garten-botanik","status":"publish","type":"page","link":"https:\/\/www.visitrovereto.it\/de\/entdecken\/kunst-geschichte-wissenschaft\/fondazione-museo-civico-rovereto\/garten-botanik\/","title":{"rendered":"Botanischer Garten"},"content":{"rendered":"<h2>Pflanzen und Blumen des Monte Baldo werden in Brentonico erz\u00e4hlt<\/h2>\n<div class=\"desc\">\n<p class=\"intro\">Als nat\u00fcrliche Br\u00fccke zwischen den Alpen und dem Mittelmeer ist der Monte Baldo, der zwischen dem Vallagarina und dem Gardasee liegt, den Gelehrten seit dem 16. Jahrhundert wegen seines au\u00dfergew\u00f6hnlichen floristischen Reichtums, der auch heute noch anerkannt wird, als der Garten Europas bekannt. Der wertvolle Botanische Garten, der im Palazzo Eccheli Baisi in Brentonico untergebracht ist, beherbergt einen Teil der gro\u00dfen Artenvielfalt und ist der ideale Ausgangspunkt f\u00fcr einen Besuch in einem so besonderen Gebiet wie dem Monte Baldo. Ihre Reise durch die Pflanzen und Blumen des Monte Baldo beginnt\u00a0<a href=\"https:\/\/www.youtube.com\/watch?v=1L-X3vsfGFI\" target=\"_blank\" rel=\"noopener\">mit diesem Video.<\/a><\/p>\n<p class=\"intro\"><a href=\"https:\/\/www.youtube.com\/playlist?list=PLoheCwYlfmsn99S3FWs7y9s7Mb9WidnBq\" target=\"_blank\" rel=\"noopener\">Sehen Sie sich die komplette Serie an!<\/a><\/p>\n<\/div>\n","protected":false},"excerpt":{"rendered":"<p>Pflanzen und Blumen des Monte Baldo werden in Brentonico erz\u00e4hlt Als nat\u00fcrliche Br\u00fccke zwischen den Alpen und dem Mittelmeer ist der Monte Baldo, der zwischen dem Vallagarina und dem Gardasee liegt, den Gelehrten seit dem 16. Jahrhundert wegen seines au\u00dfergew\u00f6hnlichen floristischen Reichtums, der auch heute noch anerkannt wird, als der Garten Europas bekannt. Der wertvolle [&hellip;]<\/p>\n","protected":false},"author":5,"featured_media":2246458,"parent":3555648,"menu_order":0,"comment_status":"closed","ping_status":"closed","template":"","meta":{"_acf_changed":false,"footnotes":""},"class_list":["post-3555677","page","type-page","status-publish","has-post-thumbnail","hentry"],"acf":[],"yoast_head":"<!-- This site is optimized with the Yoast SEO plugin v28.4 - https:\/\/yoast.com\/product\/yoast-seo-wordpress\/ -->\n<title>Botanischer Garten | APT Rovereto e Vallagarina<\/title>\n<meta name=\"description\" content=\"Pflanzen und Blumen des Monte Baldo werden in Brentonico vorgestellt. Sehen Sie sich das Video mit Experten der Fondazione Museo Civico di Rovereto an.\" \/>\n<meta name=\"robots\" content=\"index, follow, max-snippet:-1, max-image-preview:large, max-video-preview:-1\" \/>\n<meta property=\"og:locale\" content=\"de_DE\" \/>\n<meta property=\"og:type\" content=\"article\" \/>\n<meta property=\"og:title\" content=\"Botanischer Garten | APT Rovereto e Vallagarina\" \/>\n<meta property=\"og:description\" content=\"Pflanzen und Blumen des Monte Baldo werden in Brentonico vorgestellt. Sehen Sie sich das Video mit Experten der Fondazione Museo Civico di Rovereto an.\" \/>\n<meta property=\"og:url\" content=\"https:\/\/www.visitrovereto.it\/de\/fondazione-museo-civico-rovereto\/garten-botanik\/\" \/>\n<meta property=\"og:site_name\" content=\"APT Rovereto e Vallagarina\" \/>\n<meta property=\"article:publisher\" content=\"https:\/\/www.facebook.com\/visitrovereto\" \/>\n<meta property=\"article:modified_time\" content=\"2025-01-07T16:39:04+00:00\" \/>\n<meta property=\"og:image\" content=\"https:\/\/www.visitrovereto.it\/wp-content\/uploads\/2022\/09\/GiardinoBotanicoBrentonico.jpg\" \/>\n\t<meta property=\"og:image:width\" content=\"990\" \/>\n\t<meta property=\"og:image:height\" content=\"545\" \/>\n\t<meta property=\"og:image:type\" content=\"image\/jpeg\" \/>\n<meta name=\"twitter:label1\" content=\"Gesch\u00e4tzte Lesezeit\" \/>\n\t<meta name=\"twitter:data1\" content=\"1\u00a0Minute\" \/>\n<script type=\"application\/ld+json\" class=\"yoast-schema-graph\">{\"@context\":\"https:\\\/\\\/schema.org\",\"@graph\":[{\"@type\":\"WebPage\",\"@id\":\"https:\\\/\\\/www.visitrovereto.it\\\/de\\\/fondazione-museo-civico-rovereto\\\/garten-botanik\\\/\",\"url\":\"https:\\\/\\\/www.visitrovereto.it\\\/de\\\/fondazione-museo-civico-rovereto\\\/garten-botanik\\\/\",\"name\":\"Botanischer Garten | APT Rovereto e Vallagarina\",\"isPartOf\":{\"@id\":\"https:\\\/\\\/www.visitrovereto.it\\\/#website\"},\"primaryImageOfPage\":{\"@id\":\"https:\\\/\\\/www.visitrovereto.it\\\/de\\\/fondazione-museo-civico-rovereto\\\/garten-botanik\\\/#primaryimage\"},\"image\":{\"@id\":\"https:\\\/\\\/www.visitrovereto.it\\\/de\\\/fondazione-museo-civico-rovereto\\\/garten-botanik\\\/#primaryimage\"},\"thumbnailUrl\":\"https:\\\/\\\/www.visitrovereto.it\\\/wp-content\\\/uploads\\\/2022\\\/09\\\/GiardinoBotanicoBrentonico.jpg\",\"datePublished\":\"2022-09-21T16:14:31+00:00\",\"dateModified\":\"2025-01-07T16:39:04+00:00\",\"description\":\"Pflanzen und Blumen des Monte Baldo werden in Brentonico vorgestellt. Sehen Sie sich das Video mit Experten der Fondazione Museo Civico di Rovereto an.\",\"breadcrumb\":{\"@id\":\"https:\\\/\\\/www.visitrovereto.it\\\/de\\\/fondazione-museo-civico-rovereto\\\/garten-botanik\\\/#breadcrumb\"},\"inLanguage\":\"de\",\"potentialAction\":[{\"@type\":\"ReadAction\",\"target\":[\"https:\\\/\\\/www.visitrovereto.it\\\/de\\\/fondazione-museo-civico-rovereto\\\/garten-botanik\\\/\"]}]},{\"@type\":\"ImageObject\",\"inLanguage\":\"de\",\"@id\":\"https:\\\/\\\/www.visitrovereto.it\\\/de\\\/fondazione-museo-civico-rovereto\\\/garten-botanik\\\/#primaryimage\",\"url\":\"https:\\\/\\\/www.visitrovereto.it\\\/wp-content\\\/uploads\\\/2022\\\/09\\\/GiardinoBotanicoBrentonico.jpg\",\"contentUrl\":\"https:\\\/\\\/www.visitrovereto.it\\\/wp-content\\\/uploads\\\/2022\\\/09\\\/GiardinoBotanicoBrentonico.jpg\",\"width\":990,\"height\":545,\"caption\":\"Piante e fiori del Monte Baldo si raccontano\"},{\"@type\":\"BreadcrumbList\",\"@id\":\"https:\\\/\\\/www.visitrovereto.it\\\/de\\\/fondazione-museo-civico-rovereto\\\/garten-botanik\\\/#breadcrumb\",\"itemListElement\":[{\"@type\":\"ListItem\",\"position\":1,\"name\":\"Home\",\"item\":\"https:\\\/\\\/www.visitrovereto.it\\\/\"},{\"@type\":\"ListItem\",\"position\":2,\"name\":\"Fondazione Museo Civico di Rovereto\",\"item\":\"https:\\\/\\\/www.visitrovereto.it\\\/de\\\/fondazione-museo-civico-rovereto\\\/\"},{\"@type\":\"ListItem\",\"position\":3,\"name\":\"Botanischer Garten\"}]},{\"@type\":\"WebSite\",\"@id\":\"https:\\\/\\\/www.visitrovereto.it\\\/#website\",\"url\":\"https:\\\/\\\/www.visitrovereto.it\\\/\",\"name\":\"APT Rovereto e Vallagarina\",\"description\":\"\",\"potentialAction\":[{\"@type\":\"SearchAction\",\"target\":{\"@type\":\"EntryPoint\",\"urlTemplate\":\"https:\\\/\\\/www.visitrovereto.it\\\/?s={search_term_string}\"},\"query-input\":{\"@type\":\"PropertyValueSpecification\",\"valueRequired\":true,\"valueName\":\"search_term_string\"}}],\"inLanguage\":\"de\"}]}<\/script>\n<!-- \/ Yoast SEO plugin. -->","yoast_head_json":{"title":"Botanischer Garten | APT Rovereto e Vallagarina","description":"Pflanzen und Blumen des Monte Baldo werden in Brentonico vorgestellt. Sehen Sie sich das Video mit Experten der Fondazione Museo Civico di Rovereto an.","robots":{"index":"index","follow":"follow","max-snippet":"max-snippet:-1","max-image-preview":"max-image-preview:large","max-video-preview":"max-video-preview:-1"},"og_locale":"de_DE","og_type":"article","og_title":"Botanischer Garten | APT Rovereto e Vallagarina","og_description":"Pflanzen und Blumen des Monte Baldo werden in Brentonico vorgestellt. Sehen Sie sich das Video mit Experten der Fondazione Museo Civico di Rovereto an.","og_url":"https:\/\/www.visitrovereto.it\/de\/fondazione-museo-civico-rovereto\/garten-botanik\/","og_site_name":"APT Rovereto e Vallagarina","article_publisher":"https:\/\/www.facebook.com\/visitrovereto","article_modified_time":"2025-01-07T16:39:04+00:00","og_image":[{"width":990,"height":545,"url":"https:\/\/www.visitrovereto.it\/wp-content\/uploads\/2022\/09\/GiardinoBotanicoBrentonico.jpg","type":"image\/jpeg"}],"twitter_misc":{"Gesch\u00e4tzte Lesezeit":"1\u00a0Minute"},"schema":{"@context":"https:\/\/schema.org","@graph":[{"@type":"WebPage","@id":"https:\/\/www.visitrovereto.it\/de\/fondazione-museo-civico-rovereto\/garten-botanik\/","url":"https:\/\/www.visitrovereto.it\/de\/fondazione-museo-civico-rovereto\/garten-botanik\/","name":"Botanischer Garten | APT Rovereto e Vallagarina","isPartOf":{"@id":"https:\/\/www.visitrovereto.it\/#website"},"primaryImageOfPage":{"@id":"https:\/\/www.visitrovereto.it\/de\/fondazione-museo-civico-rovereto\/garten-botanik\/#primaryimage"},"image":{"@id":"https:\/\/www.visitrovereto.it\/de\/fondazione-museo-civico-rovereto\/garten-botanik\/#primaryimage"},"thumbnailUrl":"https:\/\/www.visitrovereto.it\/wp-content\/uploads\/2022\/09\/GiardinoBotanicoBrentonico.jpg","datePublished":"2022-09-21T16:14:31+00:00","dateModified":"2025-01-07T16:39:04+00:00","description":"Pflanzen und Blumen des Monte Baldo werden in Brentonico vorgestellt. Sehen Sie sich das Video mit Experten der Fondazione Museo Civico di Rovereto an.","breadcrumb":{"@id":"https:\/\/www.visitrovereto.it\/de\/fondazione-museo-civico-rovereto\/garten-botanik\/#breadcrumb"},"inLanguage":"de","potentialAction":[{"@type":"ReadAction","target":["https:\/\/www.visitrovereto.it\/de\/fondazione-museo-civico-rovereto\/garten-botanik\/"]}]},{"@type":"ImageObject","inLanguage":"de","@id":"https:\/\/www.visitrovereto.it\/de\/fondazione-museo-civico-rovereto\/garten-botanik\/#primaryimage","url":"https:\/\/www.visitrovereto.it\/wp-content\/uploads\/2022\/09\/GiardinoBotanicoBrentonico.jpg","contentUrl":"https:\/\/www.visitrovereto.it\/wp-content\/uploads\/2022\/09\/GiardinoBotanicoBrentonico.jpg","width":990,"height":545,"caption":"Piante e fiori del Monte Baldo si raccontano"},{"@type":"BreadcrumbList","@id":"https:\/\/www.visitrovereto.it\/de\/fondazione-museo-civico-rovereto\/garten-botanik\/#breadcrumb","itemListElement":[{"@type":"ListItem","position":1,"name":"Home","item":"https:\/\/www.visitrovereto.it\/"},{"@type":"ListItem","position":2,"name":"Fondazione Museo Civico di Rovereto","item":"https:\/\/www.visitrovereto.it\/de\/fondazione-museo-civico-rovereto\/"},{"@type":"ListItem","position":3,"name":"Botanischer Garten"}]},{"@type":"WebSite","@id":"https:\/\/www.visitrovereto.it\/#website","url":"https:\/\/www.visitrovereto.it\/","name":"APT Rovereto e Vallagarina","description":"","potentialAction":[{"@type":"SearchAction","target":{"@type":"EntryPoint","urlTemplate":"https:\/\/www.visitrovereto.it\/?s={search_term_string}"},"query-input":{"@type":"PropertyValueSpecification","valueRequired":true,"valueName":"search_term_string"}}],"inLanguage":"de"}]}},"_links":{"self":[{"href":"https:\/\/www.visitrovereto.it\/de\/wp-json\/wp\/v2\/pages\/3555677","targetHints":{"allow":["GET"]}}],"collection":[{"href":"https:\/\/www.visitrovereto.it\/de\/wp-json\/wp\/v2\/pages"}],"about":[{"href":"https:\/\/www.visitrovereto.it\/de\/wp-json\/wp\/v2\/types\/page"}],"author":[{"embeddable":true,"href":"https:\/\/www.visitrovereto.it\/de\/wp-json\/wp\/v2\/users\/5"}],"replies":[{"embeddable":true,"href":"https:\/\/www.visitrovereto.it\/de\/wp-json\/wp\/v2\/comments?post=3555677"}],"version-history":[{"count":0,"href":"https:\/\/www.visitrovereto.it\/de\/wp-json\/wp\/v2\/pages\/3555677\/revisions"}],"up":[{"embeddable":true,"href":"https:\/\/www.visitrovereto.it\/de\/wp-json\/wp\/v2\/pages\/3555648"}],"wp:featuredmedia":[{"embeddable":true,"href":"https:\/\/www.visitrovereto.it\/de\/wp-json\/wp\/v2\/media\/2246458"}],"wp:attachment":[{"href":"https:\/\/www.visitrovereto.it\/de\/wp-json\/wp\/v2\/media?parent=3555677"}],"curies":[{"name":"wp","href":"https:\/\/api.w.org\/{rel}","templated":true}]}}

<h2>Pflanzen und Blumen des Monte Baldo werden in Brentonico erzählt</h2>
<div class="desc">
<p class="intro">Als natürliche Brücke zwischen den Alpen und dem Mittelmeer ist der Monte Baldo, der zwischen dem Vallagarina und dem Gardasee liegt, den Gelehrten seit dem 16. Jahrhundert wegen seines außergewöhnlichen floristischen Reichtums, der auch heute noch anerkannt wird, als der Garten Europas bekannt. Der wertvolle Botanische Garten, der im Palazzo Eccheli Baisi in Brentonico untergebracht ist, beherbergt einen Teil der großen Artenvielfalt und ist der ideale Ausgangspunkt für einen Besuch in einem so besonderen Gebiet wie dem Monte Baldo. Ihre Reise durch die Pflanzen und Blumen des Monte Baldo beginnt <a href="https://www.youtube.com/watch?v=1L-X3vsfGFI" target="_blank" rel="noopener">mit diesem Video.</a></p>
<p class="intro"><a href="https://www.youtube.com/playlist?list=PLoheCwYlfmsn99S3FWs7y9s7Mb9WidnBq" target="_blank" rel="noopener">Sehen Sie sich die komplette Serie an!</a></p>
</div>

<p>Pflanzen und Blumen des Monte Baldo werden in Brentonico erzählt Als natürliche Brücke zwischen den Alpen und dem Mittelmeer ist der Monte Baldo, der zwischen dem Vallagarina und dem Gardasee liegt, den Gelehrten seit dem 16. Jahrhundert wegen seines außergewöhnlichen floristischen Reichtums, der auch heute noch anerkannt wird, als der Garten Europas bekannt. Der wertvolle [&hellip;]</p>

<!-- This site is optimized with the Yoast SEO plugin v28.4 - https://yoast.com/product/yoast-seo-wordpress/ -->
<title>Botanischer Garten | APT Rovereto e Vallagarina</title>
<meta name="description" content="Pflanzen und Blumen des Monte Baldo werden in Brentonico vorgestellt. Sehen Sie sich das Video mit Experten der Fondazione Museo Civico di Rovereto an." />
<meta name="robots" content="index, follow, max-snippet:-1, max-image-preview:large, max-video-preview:-1" />
<meta property="og:locale" content="de_DE" />
<meta property="og:type" content="article" />
<meta property="og:title" content="Botanischer Garten | APT Rovereto e Vallagarina" />
<meta property="og:description" content="Pflanzen und Blumen des Monte Baldo werden in Brentonico vorgestellt. Sehen Sie sich das Video mit Experten der Fondazione Museo Civico di Rovereto an." />
<meta property="og:url" content="https://www.visitrovereto.it/de/fondazione-museo-civico-rovereto/garten-botanik/" />
<meta property="og:site_name" content="APT Rovereto e Vallagarina" />
<meta property="article:publisher" content="https://www.facebook.com/visitrovereto" />
<meta property="article:modified_time" content="2025-01-07T16:39:04+00:00" />
<meta property="og:image" content="https://www.visitrovereto.it/wp-content/uploads/2022/09/GiardinoBotanicoBrentonico.jpg" />
	<meta property="og:image:width" content="990" />
	<meta property="og:image:height" content="545" />
	<meta property="og:image:type" content="image/jpeg" />
<meta name="twitter:label1" content="Geschätzte Lesezeit" />
	<meta name="twitter:data1" content="1 Minute" />
<script type="application/ld+json" class="yoast-schema-graph">{"@context":"https:\/\/schema.org","@graph":[{"@type":"WebPage","@id":"https:\/\/www.visitrovereto.it\/de\/fondazione-museo-civico-rovereto\/garten-botanik\/","url":"https:\/\/www.visitrovereto.it\/de\/fondazione-museo-civico-rovereto\/garten-botanik\/","name":"Botanischer Garten | APT Rovereto e Vallagarina","isPartOf":{"@id":"https:\/\/www.visitrovereto.it\/#website"},"primaryImageOfPage":{"@id":"https:\/\/www.visitrovereto.it\/de\/fondazione-museo-civico-rovereto\/garten-botanik\/#primaryimage"},"image":{"@id":"https:\/\/www.visitrovereto.it\/de\/fondazione-museo-civico-rovereto\/garten-botanik\/#primaryimage"},"thumbnailUrl":"https:\/\/www.visitrovereto.it\/wp-content\/uploads\/2022\/09\/GiardinoBotanicoBrentonico.jpg","datePublished":"2022-09-21T16:14:31+00:00","dateModified":"2025-01-07T16:39:04+00:00","description":"Pflanzen und Blumen des Monte Baldo werden in Brentonico vorgestellt. Sehen Sie sich das Video mit Experten der Fondazione Museo Civico di Rovereto an.","breadcrumb":{"@id":"https:\/\/www.visitrovereto.it\/de\/fondazione-museo-civico-rovereto\/garten-botanik\/#breadcrumb"},"inLanguage":"de","potentialAction":[{"@type":"ReadAction","target":["https:\/\/www.visitrovereto.it\/de\/fondazione-museo-civico-rovereto\/garten-botanik\/"]}]},{"@type":"ImageObject","inLanguage":"de","@id":"https:\/\/www.visitrovereto.it\/de\/fondazione-museo-civico-rovereto\/garten-botanik\/#primaryimage","url":"https:\/\/www.visitrovereto.it\/wp-content\/uploads\/2022\/09\/GiardinoBotanicoBrentonico.jpg","contentUrl":"https:\/\/www.visitrovereto.it\/wp-content\/uploads\/2022\/09\/GiardinoBotanicoBrentonico.jpg","width":990,"height":545,"caption":"Piante e fiori del Monte Baldo si raccontano"},{"@type":"BreadcrumbList","@id":"https:\/\/www.visitrovereto.it\/de\/fondazione-museo-civico-rovereto\/garten-botanik\/#breadcrumb","itemListElement":[{"@type":"ListItem","position":1,"name":"Home","item":"https:\/\/www.visitrovereto.it\/"},{"@type":"ListItem","position":2,"name":"Fondazione Museo Civico di Rovereto","item":"https:\/\/www.visitrovereto.it\/de\/fondazione-museo-civico-rovereto\/"},{"@type":"ListItem","position":3,"name":"Botanischer Garten"}]},{"@type":"WebSite","@id":"https:\/\/www.visitrovereto.it\/#website","url":"https:\/\/www.visitrovereto.it\/","name":"APT Rovereto e Vallagarina","description":"","potentialAction":[{"@type":"SearchAction","target":{"@type":"EntryPoint","urlTemplate":"https:\/\/www.visitrovereto.it\/?s={search_term_string}"},"query-input":{"@type":"PropertyValueSpecification","valueRequired":true,"valueName":"search_term_string"}}],"inLanguage":"de"}]}</script>
<!-- / Yoast SEO plugin. -->
